{"id":344,"date":"2023-10-31T02:24:59","date_gmt":"2023-10-31T01:24:59","guid":{"rendered":"https:\/\/sarahgellini.com\/?post_type=product&#038;p=344"},"modified":"2023-11-03T11:44:51","modified_gmt":"2023-11-03T10:44:51","slug":"marguerite-ep-dedicace","status":"publish","type":"product","link":"https:\/\/sarahgellini.com\/index.php\/produit\/marguerite-ep-dedicace\/","title":{"rendered":"Single Marguerite d\u00e9dicac\u00e9"},"content":{"rendered":"<p>Envolez-vous vers un monde musical unique avec le premier single de Sarah Gellini, avec deux titres envo\u00fbtants.<\/p>\n<p>Chaque CD command\u00e9 sera <strong>d\u00e9dicac\u00e9<\/strong> par Sarah Gellini elle-m\u00eame, rendant votre exemplaire absolument unique.<\/p>\n<p><strong>Titres inclus :<\/strong><\/p>\n<p>1. Marguerite<\/p>\n<!--[if lt IE 9]><script>document.createElement('audio');<\/script><![endif]-->\n<audio class=\"wp-audio-shortcode\" id=\"audio-344-1\" preload=\"none\" style=\"width: 100%;\" controls=\"controls\"><source type=\"audio\/mpeg\" src=\"https:\/\/sarahgellini.com\/wp-content\/uploads\/2023\/10\/01-Marguerite-2_Extrait.mp3?_=1\" \/><a href=\"https:\/\/sarahgellini.com\/wp-content\/uploads\/2023\/10\/01-Marguerite-2_Extrait.mp3\">https:\/\/sarahgellini.com\/wp-content\/uploads\/2023\/10\/01-Marguerite-2_Extrait.mp3<\/a><\/audio>\n<p>2. Il Mio Rifugio<\/p>\n<audio class=\"wp-audio-shortcode\" id=\"audio-344-2\" preload=\"none\" style=\"width: 100%;\" controls=\"controls\"><source type=\"audio\/mpeg\" src=\"https:\/\/sarahgellini.com\/wp-content\/uploads\/2023\/10\/02-Il-Mio-Rifugio-2_Extrait.mp3?_=2\" \/><a href=\"https:\/\/sarahgellini.com\/wp-content\/uploads\/2023\/10\/02-Il-Mio-Rifugio-2_Extrait.mp3\">https:\/\/sarahgellini.com\/wp-content\/uploads\/2023\/10\/02-Il-Mio-Rifugio-2_Extrait.mp3<\/a><\/audio>\n<p>&nbsp;<\/p>\n","protected":false},"excerpt":{"rendered":"<p>Envolez-vous vers un monde musical unique avec le premier single de Sarah Gellini, avec deux titres envo\u00fbtants. Chaque CD command\u00e9 sera d\u00e9dicac\u00e9 par Sarah Gellini elle-m\u00eame, rendant votre exemplaire absolument unique. Titres inclus : 1. Marguerite 2. Il Mio Rifugio &nbsp;<\/p>\n","protected":false},"featured_media":548,"template":"","meta":[],"product_cat":[19],"product_tag":[],"yoast_head":"<!-- This site is optimized with the Yoast SEO plugin v24.5 - https:\/\/yoast.com\/wordpress\/plugins\/seo\/ -->\n<title>Single Marguerite d\u00e9dicac\u00e9 - Sarah Gellini<\/title>\n<meta name=\"description\" content=\"Premier single d\u00e9dicac\u00e9 de Sarah Gellini : d\u00e9couvrez le d\u00e9but enchanteur de cette chanteuse franco-italienne. Une m\u00e9lodie \u00e0 ne pas manquer!\" \/>\n<meta name=\"robots\" content=\"index, follow, max-snippet:-1, max-image-preview:large, max-video-preview:-1\" \/>\n<link rel=\"canonical\" href=\"https:\/\/sarahgellini.com\/index.php\/produit\/marguerite-ep-dedicace\/\" \/>\n<meta property=\"og:locale\" content=\"fr_FR\" \/>\n<meta property=\"og:type\" content=\"article\" \/>\n<meta property=\"og:title\" content=\"Single Marguerite d\u00e9dicac\u00e9 - Sarah Gellini\" \/>\n<meta property=\"og:description\" content=\"Premier single d\u00e9dicac\u00e9 de Sarah Gellini : d\u00e9couvrez le d\u00e9but enchanteur de cette chanteuse franco-italienne. Une m\u00e9lodie \u00e0 ne pas manquer!\" \/>\n<meta property=\"og:url\" content=\"https:\/\/sarahgellini.com\/index.php\/produit\/marguerite-ep-dedicace\/\" \/>\n<meta property=\"og:site_name\" content=\"Sarah Gellini\" \/>\n<meta property=\"article:publisher\" content=\"https:\/\/www.facebook.com\/sarah.gellini\" \/>\n<meta property=\"article:modified_time\" content=\"2023-11-03T10:44:51+00:00\" \/>\n<meta property=\"og:image\" content=\"https:\/\/sarahgellini.com\/wp-content\/uploads\/2023\/10\/CD_White-1.webp\" \/>\n\t<meta property=\"og:image:width\" content=\"800\" \/>\n\t<meta property=\"og:image:height\" content=\"800\" \/>\n\t<meta property=\"og:image:type\" content=\"image\/webp\" \/>\n<meta name=\"twitter:card\" content=\"summary_large_image\" \/>\n<meta name=\"twitter:label1\" content=\"Dur\u00e9e de lecture estim\u00e9e\" \/>\n\t<meta name=\"twitter:data1\" content=\"1 minute\" \/>\n<script type=\"application\/ld+json\" class=\"yoast-schema-graph\">{\"@context\":\"https:\/\/schema.org\",\"@graph\":[{\"@type\":\"WebPage\",\"@id\":\"https:\/\/sarahgellini.com\/index.php\/produit\/marguerite-ep-dedicace\/\",\"url\":\"https:\/\/sarahgellini.com\/index.php\/produit\/marguerite-ep-dedicace\/\",\"name\":\"Single Marguerite d\u00e9dicac\u00e9 - Sarah Gellini\",\"isPartOf\":{\"@id\":\"https:\/\/sarahgellini.com\/#website\"},\"primaryImageOfPage\":{\"@id\":\"https:\/\/sarahgellini.com\/index.php\/produit\/marguerite-ep-dedicace\/#primaryimage\"},\"image\":{\"@id\":\"https:\/\/sarahgellini.com\/index.php\/produit\/marguerite-ep-dedicace\/#primaryimage\"},\"thumbnailUrl\":\"https:\/\/sarahgellini.com\/wp-content\/uploads\/2023\/10\/CD_White-1.webp\",\"datePublished\":\"2023-10-31T01:24:59+00:00\",\"dateModified\":\"2023-11-03T10:44:51+00:00\",\"description\":\"Premier single d\u00e9dicac\u00e9 de Sarah Gellini : d\u00e9couvrez le d\u00e9but enchanteur de cette chanteuse franco-italienne. Une m\u00e9lodie \u00e0 ne pas manquer!\",\"breadcrumb\":{\"@id\":\"https:\/\/sarahgellini.com\/index.php\/produit\/marguerite-ep-dedicace\/#breadcrumb\"},\"inLanguage\":\"fr-FR\",\"potentialAction\":[{\"@type\":\"ReadAction\",\"target\":[\"https:\/\/sarahgellini.com\/index.php\/produit\/marguerite-ep-dedicace\/\"]}]},{\"@type\":\"ImageObject\",\"inLanguage\":\"fr-FR\",\"@id\":\"https:\/\/sarahgellini.com\/index.php\/produit\/marguerite-ep-dedicace\/#primaryimage\",\"url\":\"https:\/\/sarahgellini.com\/wp-content\/uploads\/2023\/10\/CD_White-1.webp\",\"contentUrl\":\"https:\/\/sarahgellini.com\/wp-content\/uploads\/2023\/10\/CD_White-1.webp\",\"width\":800,\"height\":800},{\"@type\":\"BreadcrumbList\",\"@id\":\"https:\/\/sarahgellini.com\/index.php\/produit\/marguerite-ep-dedicace\/#breadcrumb\",\"itemListElement\":[{\"@type\":\"ListItem\",\"position\":1,\"name\":\"Accueil\",\"item\":\"https:\/\/sarahgellini.com\/\"},{\"@type\":\"ListItem\",\"position\":2,\"name\":\"Boutique\",\"item\":\"https:\/\/sarahgellini.com\/index.php\/boutique\/\"},{\"@type\":\"ListItem\",\"position\":3,\"name\":\"Single Marguerite d\u00e9dicac\u00e9\"}]},{\"@type\":\"WebSite\",\"@id\":\"https:\/\/sarahgellini.com\/#website\",\"url\":\"https:\/\/sarahgellini.com\/\",\"name\":\"Sarah Gellini\",\"description\":\"Chanteuse-auteure-interpr\u00e8te - Chansons fran\u00e7aises et italiennes\",\"publisher\":{\"@id\":\"https:\/\/sarahgellini.com\/#organization\"},\"potentialAction\":[{\"@type\":\"SearchAction\",\"target\":{\"@type\":\"EntryPoint\",\"urlTemplate\":\"https:\/\/sarahgellini.com\/?s={search_term_string}\"},\"query-input\":{\"@type\":\"PropertyValueSpecification\",\"valueRequired\":true,\"valueName\":\"search_term_string\"}}],\"inLanguage\":\"fr-FR\"},{\"@type\":\"Organization\",\"@id\":\"https:\/\/sarahgellini.com\/#organization\",\"name\":\"Sarah Gellini\",\"url\":\"https:\/\/sarahgellini.com\/\",\"logo\":{\"@type\":\"ImageObject\",\"inLanguage\":\"fr-FR\",\"@id\":\"https:\/\/sarahgellini.com\/#\/schema\/logo\/image\/\",\"url\":\"https:\/\/sarahgellini.com\/wp-content\/uploads\/2023\/09\/Sarah-Gellini_white_high-res-copie-scaled.webp\",\"contentUrl\":\"https:\/\/sarahgellini.com\/wp-content\/uploads\/2023\/09\/Sarah-Gellini_white_high-res-copie-scaled.webp\",\"width\":2560,\"height\":1707,\"caption\":\"Sarah Gellini\"},\"image\":{\"@id\":\"https:\/\/sarahgellini.com\/#\/schema\/logo\/image\/\"},\"sameAs\":[\"https:\/\/www.facebook.com\/sarah.gellini\",\"https:\/\/www.instagram.com\/sarah_gellini\/\",\"https:\/\/www.youtube.com\/@sarahgellini\",\"https:\/\/www.tiktok.com\/@sarahgellini\"]}]}<\/script>\n<!-- \/ Yoast SEO plugin. -->","yoast_head_json":{"title":"Single Marguerite d\u00e9dicac\u00e9 - Sarah Gellini","description":"Premier single d\u00e9dicac\u00e9 de Sarah Gellini : d\u00e9couvrez le d\u00e9but enchanteur de cette chanteuse franco-italienne. Une m\u00e9lodie \u00e0 ne pas manquer!","robots":{"index":"index","follow":"follow","max-snippet":"max-snippet:-1","max-image-preview":"max-image-preview:large","max-video-preview":"max-video-preview:-1"},"canonical":"https:\/\/sarahgellini.com\/index.php\/produit\/marguerite-ep-dedicace\/","og_locale":"fr_FR","og_type":"article","og_title":"Single Marguerite d\u00e9dicac\u00e9 - Sarah Gellini","og_description":"Premier single d\u00e9dicac\u00e9 de Sarah Gellini : d\u00e9couvrez le d\u00e9but enchanteur de cette chanteuse franco-italienne. Une m\u00e9lodie \u00e0 ne pas manquer!","og_url":"https:\/\/sarahgellini.com\/index.php\/produit\/marguerite-ep-dedicace\/","og_site_name":"Sarah Gellini","article_publisher":"https:\/\/www.facebook.com\/sarah.gellini","article_modified_time":"2023-11-03T10:44:51+00:00","og_image":[{"width":800,"height":800,"url":"https:\/\/sarahgellini.com\/wp-content\/uploads\/2023\/10\/CD_White-1.webp","type":"image\/webp"}],"twitter_card":"summary_large_image","twitter_misc":{"Dur\u00e9e de lecture estim\u00e9e":"1 minute"},"schema":{"@context":"https:\/\/schema.org","@graph":[{"@type":"WebPage","@id":"https:\/\/sarahgellini.com\/index.php\/produit\/marguerite-ep-dedicace\/","url":"https:\/\/sarahgellini.com\/index.php\/produit\/marguerite-ep-dedicace\/","name":"Single Marguerite d\u00e9dicac\u00e9 - Sarah Gellini","isPartOf":{"@id":"https:\/\/sarahgellini.com\/#website"},"primaryImageOfPage":{"@id":"https:\/\/sarahgellini.com\/index.php\/produit\/marguerite-ep-dedicace\/#primaryimage"},"image":{"@id":"https:\/\/sarahgellini.com\/index.php\/produit\/marguerite-ep-dedicace\/#primaryimage"},"thumbnailUrl":"https:\/\/sarahgellini.com\/wp-content\/uploads\/2023\/10\/CD_White-1.webp","datePublished":"2023-10-31T01:24:59+00:00","dateModified":"2023-11-03T10:44:51+00:00","description":"Premier single d\u00e9dicac\u00e9 de Sarah Gellini : d\u00e9couvrez le d\u00e9but enchanteur de cette chanteuse franco-italienne. Une m\u00e9lodie \u00e0 ne pas manquer!","breadcrumb":{"@id":"https:\/\/sarahgellini.com\/index.php\/produit\/marguerite-ep-dedicace\/#breadcrumb"},"inLanguage":"fr-FR","potentialAction":[{"@type":"ReadAction","target":["https:\/\/sarahgellini.com\/index.php\/produit\/marguerite-ep-dedicace\/"]}]},{"@type":"ImageObject","inLanguage":"fr-FR","@id":"https:\/\/sarahgellini.com\/index.php\/produit\/marguerite-ep-dedicace\/#primaryimage","url":"https:\/\/sarahgellini.com\/wp-content\/uploads\/2023\/10\/CD_White-1.webp","contentUrl":"https:\/\/sarahgellini.com\/wp-content\/uploads\/2023\/10\/CD_White-1.webp","width":800,"height":800},{"@type":"BreadcrumbList","@id":"https:\/\/sarahgellini.com\/index.php\/produit\/marguerite-ep-dedicace\/#breadcrumb","itemListElement":[{"@type":"ListItem","position":1,"name":"Accueil","item":"https:\/\/sarahgellini.com\/"},{"@type":"ListItem","position":2,"name":"Boutique","item":"https:\/\/sarahgellini.com\/index.php\/boutique\/"},{"@type":"ListItem","position":3,"name":"Single Marguerite d\u00e9dicac\u00e9"}]},{"@type":"WebSite","@id":"https:\/\/sarahgellini.com\/#website","url":"https:\/\/sarahgellini.com\/","name":"Sarah Gellini","description":"Chanteuse-auteure-interpr\u00e8te - Chansons fran\u00e7aises et italiennes","publisher":{"@id":"https:\/\/sarahgellini.com\/#organization"},"potentialAction":[{"@type":"SearchAction","target":{"@type":"EntryPoint","urlTemplate":"https:\/\/sarahgellini.com\/?s={search_term_string}"},"query-input":{"@type":"PropertyValueSpecification","valueRequired":true,"valueName":"search_term_string"}}],"inLanguage":"fr-FR"},{"@type":"Organization","@id":"https:\/\/sarahgellini.com\/#organization","name":"Sarah Gellini","url":"https:\/\/sarahgellini.com\/","logo":{"@type":"ImageObject","inLanguage":"fr-FR","@id":"https:\/\/sarahgellini.com\/#\/schema\/logo\/image\/","url":"https:\/\/sarahgellini.com\/wp-content\/uploads\/2023\/09\/Sarah-Gellini_white_high-res-copie-scaled.webp","contentUrl":"https:\/\/sarahgellini.com\/wp-content\/uploads\/2023\/09\/Sarah-Gellini_white_high-res-copie-scaled.webp","width":2560,"height":1707,"caption":"Sarah Gellini"},"image":{"@id":"https:\/\/sarahgellini.com\/#\/schema\/logo\/image\/"},"sameAs":["https:\/\/www.facebook.com\/sarah.gellini","https:\/\/www.instagram.com\/sarah_gellini\/","https:\/\/www.youtube.com\/@sarahgellini","https:\/\/www.tiktok.com\/@sarahgellini"]}]}},"_links":{"self":[{"href":"https:\/\/sarahgellini.com\/index.php\/wp-json\/wp\/v2\/product\/344"}],"collection":[{"href":"https:\/\/sarahgellini.com\/index.php\/wp-json\/wp\/v2\/product"}],"about":[{"href":"https:\/\/sarahgellini.com\/index.php\/wp-json\/wp\/v2\/types\/product"}],"wp:featuredmedia":[{"embeddable":true,"href":"https:\/\/sarahgellini.com\/index.php\/wp-json\/wp\/v2\/media\/548"}],"wp:attachment":[{"href":"https:\/\/sarahgellini.com\/index.php\/wp-json\/wp\/v2\/media?parent=344"}],"wp:term":[{"taxonomy":"product_cat","embeddable":true,"href":"https:\/\/sarahgellini.com\/index.php\/wp-json\/wp\/v2\/product_cat?post=344"},{"taxonomy":"product_tag","embeddable":true,"href":"https:\/\/sarahgellini.com\/index.php\/wp-json\/wp\/v2\/product_tag?post=344"}],"curies":[{"name":"wp","href":"https:\/\/api.w.org\/{rel}","templated":true}]}}